{"id":69,"date":"2022-07-13T06:46:46","date_gmt":"2022-07-13T06:46:46","guid":{"rendered":"https:\/\/woodpecker.co\/investors\/?page_id=69"},"modified":"2024-04-11T12:35:45","modified_gmt":"2024-04-11T12:35:45","slug":"strategia-rozwoju","status":"publish","type":"page","link":"https:\/\/woodpecker.co\/investors\/strategia-rozwoju\/","title":{"rendered":"Strategia rozwoju"},"content":{"rendered":"\n<div class=\"wp-container-1 wp-block-group is-style-base\">\n<h2 class=\"is-style-H3 is-style-h3\">Plany rozwoju<\/h2>\n\n\n\n<ul><li>Zwi\u0119kszenie udzia\u0142\u00f3w rynkowych &#8211; Zwi\u0119kszenie skali dzia\u0142ania oraz bazy klienckiej na dotychczasowych rynkach<\/li><li>Rozw\u00f3j produkt\u00f3w oraz tworzenie nowych rozwi\u0105za\u0144 dla u\u017cytkownik\u00f3w<\/li><li>Rozw\u00f3j infrastruktury technologicznej<\/li><li>Dotarcie do nowych profesjonalist\u00f3w poprzez wzmocnienie organizacji sprzeda\u017cy i marketingu w celu zwi\u0119kszenia \u015bwiadomo\u015bci marki i dalszego rozszerzania bazy klient\u00f3w<\/li><\/ul>\n\n\n\n<p>Strategia oparta jest na nast\u0119puj\u0105cych kluczowych filarach:<\/p>\n\n\n\n<ul><li>przekonaniu o konieczno\u015bci dostarczenia u\u017cytkownikom intuicyjnego w obs\u0142udze i prostego w implementacji, ale zarazem zaawansowanego technologicznie i kompletnego produktu, kt\u00f3ry adresuje konkretn\u0105 potrzeb\u0119 klienta;<\/li><li>wykorzystaniu zaawansowanych autorskich algorytm\u00f3w zapewniaj\u0105cych produktom Sp\u00f3\u0142ki przewag\u0119 nad podobnymi rozwi\u0105zaniami konkurent\u00f3w, w szczeg\u00f3lno\u015bci w zakresie wska\u017anik\u00f3w dostarczalno\u015bci;<\/li><li>poszerzaniu portfolio produktowego\u00a0poprzez\u00a0tworzenie i dalszy rozw\u00f3j funkcjonalno\u015bci, w tym innowacyjnych produkt\u00f3w AI Video, Prospects\u00a0oraz nowych funkcjonalno\u015bci koncentruj\u0105cych si\u0119 na zwi\u0119kszeniu wiarygodno\u015bci (ang.\u00a0<em>rating<\/em>) skrzynek mailowych klient\u00f3w, uzupe\u0142niaj\u0105cych istniej\u0105ce rozwi\u0105zania Sp\u00f3\u0142ki, pokrywaj\u0105ce coraz wi\u0119kszy obszar procesu sprzeda\u017cy, kt\u00f3re docelowo b\u0119d\u0105 tworzy\u0142y w pe\u0142ni rozwini\u0119ty i zdywersyfikowany ekosystem narz\u0119dzi wspieraj\u0105cy wielokana\u0142owe dzia\u0142ania sprzeda\u017cowe; oraz<\/li><li>budowaniu i edukowaniu spo\u0142eczno\u015bci skupionej wok\u00f3\u0142 obszaru komunikacji i automatyzacji sprzeda\u017cy.<\/li><\/ul>\n<\/div>\n","protected":false},"excerpt":{"rendered":"<p>Plany rozwoju Zwi\u0119kszenie udzia\u0142\u00f3w rynkowych &#8211; Zwi\u0119kszenie skali dzia\u0142ania oraz bazy klienckiej na dotychczasowych rynkach Rozw\u00f3j produkt\u00f3w oraz tworzenie nowych rozwi\u0105za\u0144 dla u\u017cytkownik\u00f3w Rozw\u00f3j infrastruktury technologicznej Dotarcie do nowych profesjonalist\u00f3w poprzez wzmocnienie organizacji sprzeda\u017cy i marketingu w celu zwi\u0119kszenia \u015bwiadomo\u015bci marki i dalszego rozszerzania bazy klient\u00f3w Strategia oparta jest na nast\u0119puj\u0105cych kluczowych filarach: przekonaniu o [&hellip;]<\/p>\n","protected":false},"author":1,"featured_media":0,"parent":0,"menu_order":0,"comment_status":"closed","ping_status":"closed","template":"","meta":[],"acf":[],"yoast_head":"<!-- This site is optimized with the Yoast SEO plugin v19.3 - https:\/\/yoast.com\/wordpress\/plugins\/seo\/ -->\n<title>Strategia rozwoju - Woodpecker Investors<\/title>\n<meta name=\"robots\" content=\"index, follow, max-snippet:-1, max-image-preview:large, max-video-preview:-1\" \/>\n<link rel=\"canonical\" href=\"https:\/\/woodpecker.co\/investors\/strategia-rozwoju\/\" \/>\n<meta property=\"og:locale\" content=\"pl_PL\" \/>\n<meta property=\"og:type\" content=\"article\" \/>\n<meta property=\"og:title\" content=\"Strategia rozwoju - Woodpecker Investors\" \/>\n<meta property=\"og:description\" content=\"Plany rozwoju Zwi\u0119kszenie udzia\u0142\u00f3w rynkowych &#8211; Zwi\u0119kszenie skali dzia\u0142ania oraz bazy klienckiej na dotychczasowych rynkach Rozw\u00f3j produkt\u00f3w oraz tworzenie nowych rozwi\u0105za\u0144 dla u\u017cytkownik\u00f3w Rozw\u00f3j infrastruktury technologicznej Dotarcie do nowych profesjonalist\u00f3w poprzez wzmocnienie organizacji sprzeda\u017cy i marketingu w celu zwi\u0119kszenia \u015bwiadomo\u015bci marki i dalszego rozszerzania bazy klient\u00f3w Strategia oparta jest na nast\u0119puj\u0105cych kluczowych filarach: przekonaniu o [&hellip;]\" \/>\n<meta property=\"og:url\" content=\"https:\/\/woodpecker.co\/investors\/strategia-rozwoju\/\" \/>\n<meta property=\"og:site_name\" content=\"Woodpecker Investors\" \/>\n<meta property=\"article:publisher\" content=\"https:\/\/www.facebook.com\/woodpeckerapp\/\" \/>\n<meta property=\"article:modified_time\" content=\"2024-04-11T12:35:45+00:00\" \/>\n<meta name=\"twitter:card\" content=\"summary_large_image\" \/>\n<meta name=\"twitter:site\" content=\"@Woodpecker_IR\" \/>\n<meta name=\"twitter:label1\" content=\"Est. reading time\" \/>\n\t<meta name=\"twitter:data1\" content=\"1 minute\" \/>\n<script type=\"application\/ld+json\" class=\"yoast-schema-graph\">{\"@context\":\"https:\/\/schema.org\",\"@graph\":[{\"@type\":\"WebSite\",\"@id\":\"https:\/\/woodpecker.co\/investors\/#website\",\"url\":\"https:\/\/woodpecker.co\/investors\/\",\"name\":\"Woodpecker Investors\",\"description\":\"Oficjalna strona relacji inwestorskich Woodpecker.co S.A. Informacje o sp\u00f3\u0142ce, aktualno\u015bci, raporty. Zapisz si\u0119 na webinar dla inwestor\u00f3w.\",\"potentialAction\":[{\"@type\":\"SearchAction\",\"target\":{\"@type\":\"EntryPoint\",\"urlTemplate\":\"https:\/\/woodpecker.co\/investors\/?s={search_term_string}\"},\"query-input\":\"required name=search_term_string\"}],\"inLanguage\":\"pl-PL\"},{\"@type\":\"WebPage\",\"@id\":\"https:\/\/woodpecker.co\/investors\/strategia-rozwoju\/\",\"url\":\"https:\/\/woodpecker.co\/investors\/strategia-rozwoju\/\",\"name\":\"Strategia rozwoju - Woodpecker Investors\",\"isPartOf\":{\"@id\":\"https:\/\/woodpecker.co\/investors\/#website\"},\"datePublished\":\"2022-07-13T06:46:46+00:00\",\"dateModified\":\"2024-04-11T12:35:45+00:00\",\"breadcrumb\":{\"@id\":\"https:\/\/woodpecker.co\/investors\/strategia-rozwoju\/#breadcrumb\"},\"inLanguage\":\"pl-PL\",\"potentialAction\":[{\"@type\":\"ReadAction\",\"target\":[\"https:\/\/woodpecker.co\/investors\/strategia-rozwoju\/\"]}]},{\"@type\":\"BreadcrumbList\",\"@id\":\"https:\/\/woodpecker.co\/investors\/strategia-rozwoju\/#breadcrumb\",\"itemListElement\":[{\"@type\":\"ListItem\",\"position\":1,\"name\":\"Home\",\"item\":\"https:\/\/woodpecker.co\/investors\/\"},{\"@type\":\"ListItem\",\"position\":2,\"name\":\"Strategia rozwoju\"}]}]}<\/script>\n<!-- \/ Yoast SEO plugin. -->","yoast_head_json":{"title":"Strategia rozwoju - Woodpecker Investors","robots":{"index":"index","follow":"follow","max-snippet":"max-snippet:-1","max-image-preview":"max-image-preview:large","max-video-preview":"max-video-preview:-1"},"canonical":"https:\/\/woodpecker.co\/investors\/strategia-rozwoju\/","og_locale":"pl_PL","og_type":"article","og_title":"Strategia rozwoju - Woodpecker Investors","og_description":"Plany rozwoju Zwi\u0119kszenie udzia\u0142\u00f3w rynkowych &#8211; Zwi\u0119kszenie skali dzia\u0142ania oraz bazy klienckiej na dotychczasowych rynkach Rozw\u00f3j produkt\u00f3w oraz tworzenie nowych rozwi\u0105za\u0144 dla u\u017cytkownik\u00f3w Rozw\u00f3j infrastruktury technologicznej Dotarcie do nowych profesjonalist\u00f3w poprzez wzmocnienie organizacji sprzeda\u017cy i marketingu w celu zwi\u0119kszenia \u015bwiadomo\u015bci marki i dalszego rozszerzania bazy klient\u00f3w Strategia oparta jest na nast\u0119puj\u0105cych kluczowych filarach: przekonaniu o [&hellip;]","og_url":"https:\/\/woodpecker.co\/investors\/strategia-rozwoju\/","og_site_name":"Woodpecker Investors","article_publisher":"https:\/\/www.facebook.com\/woodpeckerapp\/","article_modified_time":"2024-04-11T12:35:45+00:00","twitter_card":"summary_large_image","twitter_site":"@Woodpecker_IR","twitter_misc":{"Est. reading time":"1 minute"},"schema":{"@context":"https:\/\/schema.org","@graph":[{"@type":"WebSite","@id":"https:\/\/woodpecker.co\/investors\/#website","url":"https:\/\/woodpecker.co\/investors\/","name":"Woodpecker Investors","description":"Oficjalna strona relacji inwestorskich Woodpecker.co S.A. Informacje o sp\u00f3\u0142ce, aktualno\u015bci, raporty. Zapisz si\u0119 na webinar dla inwestor\u00f3w.","potentialAction":[{"@type":"SearchAction","target":{"@type":"EntryPoint","urlTemplate":"https:\/\/woodpecker.co\/investors\/?s={search_term_string}"},"query-input":"required name=search_term_string"}],"inLanguage":"pl-PL"},{"@type":"WebPage","@id":"https:\/\/woodpecker.co\/investors\/strategia-rozwoju\/","url":"https:\/\/woodpecker.co\/investors\/strategia-rozwoju\/","name":"Strategia rozwoju - Woodpecker Investors","isPartOf":{"@id":"https:\/\/woodpecker.co\/investors\/#website"},"datePublished":"2022-07-13T06:46:46+00:00","dateModified":"2024-04-11T12:35:45+00:00","breadcrumb":{"@id":"https:\/\/woodpecker.co\/investors\/strategia-rozwoju\/#breadcrumb"},"inLanguage":"pl-PL","potentialAction":[{"@type":"ReadAction","target":["https:\/\/woodpecker.co\/investors\/strategia-rozwoju\/"]}]},{"@type":"BreadcrumbList","@id":"https:\/\/woodpecker.co\/investors\/strategia-rozwoju\/#breadcrumb","itemListElement":[{"@type":"ListItem","position":1,"name":"Home","item":"https:\/\/woodpecker.co\/investors\/"},{"@type":"ListItem","position":2,"name":"Strategia rozwoju"}]}]}},"_links":{"self":[{"href":"https:\/\/woodpecker.co\/investors\/wp-json\/wp\/v2\/pages\/69"}],"collection":[{"href":"https:\/\/woodpecker.co\/investors\/wp-json\/wp\/v2\/pages"}],"about":[{"href":"https:\/\/woodpecker.co\/investors\/wp-json\/wp\/v2\/types\/page"}],"author":[{"embeddable":true,"href":"https:\/\/woodpecker.co\/investors\/wp-json\/wp\/v2\/users\/1"}],"replies":[{"embeddable":true,"href":"https:\/\/woodpecker.co\/investors\/wp-json\/wp\/v2\/comments?post=69"}],"version-history":[{"count":9,"href":"https:\/\/woodpecker.co\/investors\/wp-json\/wp\/v2\/pages\/69\/revisions"}],"predecessor-version":[{"id":704,"href":"https:\/\/woodpecker.co\/investors\/wp-json\/wp\/v2\/pages\/69\/revisions\/704"}],"wp:attachment":[{"href":"https:\/\/woodpecker.co\/investors\/wp-json\/wp\/v2\/media?parent=69"}],"curies":[{"name":"wp","href":"https:\/\/api.w.org\/{rel}","templated":true}]}}